and t?
5
Let j(h) = 11*h - 5. Let l(f) = f**3 - 3*f**2 + f - 1. Let b be l(3). Suppose b*m - 8 = 2. Let v be j(m). What is the highest common divisor of v and 10?
10
Let u(n) = n + 1. Let r be u(9). Let k be ((-6)/(-8))/((-2)/(-8)). Suppose 5*c + 3*j = k*c + 129, 5*c = j + 297. What is the highest common factor of r and c?
10
Suppose 3*t = 5*t - 14. Let k = 2 - -26. Suppose 3*j - k = j. Calculate the highest common divisor of t and j.
7
Suppose -3*r + 30 = 4*p + 508, 2*p = 2*r - 246. Let m = 86 - p. Calculate the highest common divisor of 23 and m.
23
Let j = -63 - -77. What is the highest common divisor of 21 and j?
7
Let n(h) = -3*h - 12. Let y be n(-6). What is the greatest common divisor of 2 and y?
2
Suppose -5*y - 3*a + 89 = 22, 0 = 4*y - 3*a - 32. Calculate the highest common divisor of 77 and y.
11
Suppose 5*r + 14 = -4*b, 5*b = -4 - 1. Let l(g) = -8*g - 2. Let a be l(r). Let f = 252 - 126. What is the greatest common divisor of f and a?
14
Let c(p) = 4*p**2 - 12*p - 6*p + 16*p. Let m be c(2). Calculate the highest common divisor of m and 12.
12
Suppose 3*f + 186 - 636 = 0. Suppose 0 = 2*w - l - f, -3*w = -2*l - 85 - 140. Calculate the greatest common factor of 25 and w.
25
Suppose l = 4*l + x - 15, -2*l + 23 = 5*x. Suppose -3*s = s + 20, l*b - 2*s = 50. What is the greatest common factor of b and 2?
2
Let h = 16 + -8. What is the greatest common factor of h and 2?
2
Let h = 17 + -15. Suppose -8 = -j + 3*a - 0*a, 3*j + 5*a + 4 = 0. What is the highest common factor of h and j?
2
Let u be -1*8/(-12)*2*18. Calculate the highest common divisor of u and 3.
3
Let u(c) = 8*c - 6. Let o be u(6). What is the highest common divisor of 14 and o?
14
Let d be 3/(-3) + 4 + 32. What is the highest common factor of d and 5?
5
Suppose 0 = 3*a + 3*a - 84. Calculate the highest common divisor of a and 14.
14
Suppose -89 - 79 = -4*f. What is the highest common divisor of 28 and f?
14
Let h = 73 + -46. Suppose -u + h = z, -3*z = 4*u - 0*u - 111. What is the greatest common divisor of 240 and u?
30
Let v = 8 + -5. Suppose -y + 12 = -v*r - 13, 3*r + 65 = 5*y. Calculate the greatest common divisor of 80 and y.
10
Let h(k) = -k**2 - 5*k + 7. Let q be h(-6). What is the greatest common divisor of q and 8?
1
Let c = 200 - 88. Let p be (14/(-4) + 0)*-4. Calculate the highest common divisor of p and c.
14
Suppose f = 149 - 9. What is the highest common divisor of 20 and f?
20
Suppose 2*m - 6*m + 216 = 4*k, 2*m - 2*k - 116 = 0. Calculate the greatest common factor of m and 7.
7
Suppose 3*t + 13 = 2*w, -4*w + 0 - 1 = 3*t. Let x be 2/6 - 17/t. What is the greatest common factor of x and 9?
3
Let h be 1 - ((-2 - -5) + -2). Suppose m + 205 = z, -z - 413 = 2*m - h*m. Let t be m/(-10) - (-4)/10. What is the highest common divisor of t and 63?
21
Let n be ((-5)/(-2))/((-10)/(-24)). Calculate the greatest common divisor of n and 1.
1
Let g(r) = -7*r - 8. Let v be g(-8). Calculate the greatest common divisor of 12 and v.
12
Let y be (-414)/161*56/(-6). Calculate the greatest common factor of 3 and y.
3
Suppose 0 = -3*k + 19 + 47. Let r be 12/(-8)*16/(-6). Suppose 0 = 2*d - 0*d - r. What is the greatest common factor of d and k?
2
Suppose 4*o = -5*v - 286, -v - 68 + 2 = 3*o. Let k = v - -114. Calculate the highest common factor of 24 and k.
12
Let g be 3/(1/(-34)*-3). Suppose -4*w = -55 - 217. Suppose 3*f - 7*f = -w. What is the highest common factor of g and f?
17
Let k(y) = y + 8. Let r be k(0). Suppose 0 = 12*z - 5*z - 392. What is the highest common factor of r and z?
8
Let i be (4/6)/(-1)*-6. Calculate the greatest common divisor of i and 8.
4
Let u = 194 + -64. What is the highest common divisor of 10 and u?
10
Suppose 0 = 3*a - 133 - 14. Let y(n) be the second derivative of -n**3/3 - 5*n**2/2 + n. Let b be y(-6). What is the greatest common divisor of a and b?
7
Let d = -291 - -296. Let t(z) = 39*z + 1. Let h be t(1). What is the highest common factor of h and d?
5
Let u be ((-2)/4 + 1)*4. Suppose 4*i + u*m - 122 = -870, -2*m - 560 = 3*i. Let g be i/(-20) - (-6)/(-15). Calculate the highest common factor of 9 and g.
9
Let g(k) = -k**3 - 4*k**2 + 3*k - 4. Let s be (1 + -6)*2/2. Let h be g(s). Suppose m = -m + h. What is the highest common factor of m and 15?
3
Let p = 831 - 487. What is the highest common factor of 43 and p?
43
Suppose 0*x - 216 = -3*x. Suppose -3*v - k = -2*v + 17, 2*v = 5*k - 13. Let y = 23 + v. Calculate the greatest common factor of y and x.
9
Let t be 68/16 + 2/(-8). Let z = -108 - -44. Let u = -20 - z. What is the highest common divisor of u and t?
4
Let n be (1/2)/((-9)/(-1944)). Calculate the greatest common divisor of 12 and n.
12
Let j be (0/1 - -1) + 11. Let y(b) = -b**3 - b**2 + 6*b - 6. Let c be y(-6). Suppose 0 = -2*h + 402 - c. What is the highest common factor of h and j?
12
Let f = -5 - 27. Let v = -12 - f. Let r(x) = -x**3 + 7*x**2 - 9*x. Let h be r(5). Calculate the highest common factor of v and h.
5
Let q be 87 - (0/3 - 1). Suppose p + 0*p = q. Let r = 130 - p. Calculate the highest common factor of r and 6.
6
Let w = 3 + -5. Let l be (w/(-5))/(5/100). What is the highest common factor of l and 4?
4
Suppose -2*h + 146 = -360. Calculate the greatest common factor of h and 23.
23
Let v(m) = -m + 13. Let g be v(11). Suppose -2*i + g*a + 42 = i, -a = -5*i + 77. Calculate the highest common divisor of i and 16.
16
Suppose -5*r + 2*z = z - 5, 10 = 2*z. Suppose r*y = -2*y + 24. Let p be y/(-3) + 1 - -27. Calculate the greatest common factor of p and 13.
13
Let z = 66 + -57. Calculate the greatest common divisor of 1 and z.
1
Let l be -1*54/(-2 - 0). Suppose 5*u = 15 + 15. Suppose -u*s = -7*s + 3. What is the highest common divisor of s and l?
3
Let l be 66*(-2 - 21/(-9)). Suppose -i = -4, 3 + 3 = b + i. Suppose -5*p = -3*f - 770, b*f = 4*p - 0*f - 616. Calculate the highest common factor of l and p.
22
Let c(f) = 2*f - 2. Suppose -1 - 5 = -2*l. Let u be c(l). Suppose -176 = -u*t + 2*t. Calculate the highest common divisor of 11 and t.
11
Suppose -56 = -2*j + 4*m - m, m + 4 = 0. What is the greatest common divisor of j and 2?
2
Let c(i) = 7*i**2 - 2*i. Let t be c(-2). Let s = -2 - 1. Let j be (-160)/(-3)*s/(-2). What is the greatest common divisor of j and t?
16
Let d(m) = 4*m. Let r be d(2). Let g be r/28 + (-12)/(-7). Suppose -p - 2*k = -136, -g*p = -k - 94 - 158. What is the greatest common divisor of p and 16?
16
Let g = 169 + -113. Suppose 164 = 4*l + g. Calculate the greatest common factor of 18 and l.
9
Suppose -174 = -2*d - 5*p, 5*d - 2*p = -3*p + 389. Let n be (-1 - -2)*(-3 - -10). Calculate the greatest common divisor of n and d.
7
Suppose -5*b + 3*d = -287, 90 + 89 = 3*b + 5*d. What is the greatest common factor of 29 and b?
29
Let y(s) = -s**3 - s**2. Let q be y(1). Let o be 12*((-64)/6)/q. Suppose -2*b + d + d = -22, -25 = -5*b - 5*d. Calculate the highest common factor of o and b.
8
Let r be 164 - (1 - 1 - 1). Let d be -12*(3/(-1))/(-6). Let k(n) = -n**3 - 7*n**2 - 9*n - 3. Let l be k(d). What is the highest common factor of l and r?
15
Let n(m) = -2*m**2 - 5*m + 4. Let y be n(-4). Let i be (-2)/y - (-43)/4. What is the greatest common divisor of i and 44?
11
Let j = 26 - 18. Let w be (-153 + -3)*3/6. Let p be w/(-4) - 1/(-2). What is the highest common divisor of p and j?
4
Let s(r) = 15*r**3 + r**2. Let l be s(1). Suppose -3*w = 2*w - 15. Suppose 11 = 4*y + w. Calculate the greatest common factor of y and l.
2
Let i be 3/4*8/3. What is the highest common factor of 5 and i?
1
Let d = -38 - -49. What is the greatest common divisor of d and 22?
11
Suppose -3*v - 16 = -4*g, 3*v - 7 = -5*g + 13. Suppose 1 = 5*i + 4*b, -2*b = i - 2 + 3. Calculate the highest common factor of i and g.
1
Let b be -1*(-23)/2*4. Let g = -12 - -35. What is the highest common divisor of b and g?
23
Let b = 6 + -7. Let h be (-5)/(-2)*(11 + b). What is the highest common divisor of h and 10?
5
Let x be ((-22)/(-8))/((-1)/(-4)). Suppose 0*t + 59 = t. Suppose -3*j + 175 = 3*p - t, p - 1 = 0. What is the greatest common factor of j and x?
11
Suppose 4*j + 0*j = 24. Let o = 21 + -6. What is the highest common divisor of j and o?
3
Let c = -1 - -1. Suppose -7*m + 3*m + 204 = c. What is the highest common factor of 17 and m?
17
Suppose -4*s - s - 25 = 0.